e the highest common factor of 2045 and 474031.
409
What is the greatest common divisor of 136383 and 845?
169
Calculate the highest common factor of 126 and 4608.
18
Calculate the greatest common divisor of 21 and 459312.
21
Calculate the greatest common divisor of 6258 and 1050.
42
What is the highest common divisor of 64870 and 130?
130
What is the greatest common divisor of 233946 and 90?
18
What is the greatest common divisor of 2772 and 93276?
36
What is the greatest common divisor of 181295 and 145395?
1795
What is the highest common factor of 32094 and 18?
18
What is the highest common factor of 352776 and 144?
24
What is the greatest common divisor of 95265 and 29?
29
Calculate the greatest common divisor of 255 and 4867185.
255
Calculate the greatest common divisor of 399 and 82327.
133
What is the greatest common factor of 960 and 134580?
60
Calculate the highest common factor of 47880 and 558.
18
Calculate the greatest common divisor of 1915039 and 7.
7
What is the greatest common divisor of 1541 and 192832?
23
Calculate the greatest common divisor of 249617 and 904.
113
Calculate the highest common divisor of 574064 and 304.
16
What is the highest common divisor of 16743 and 13?
1
What is the greatest common factor of 94975 and 225?
25
What is the highest common factor of 28179 and 3627?
279
What is the greatest common factor of 3843 and 2457?
63
What is the greatest common divisor of 345 and 4295?
5
Calculate the greatest common factor of 210 and 9170.
70
What is the highest common divisor of 10414 and 20574?
254
What is the highest common factor of 10659 and 1485?
33
What is the greatest common factor of 6915 and 29504?
461
What is the greatest common divisor of 4360 and 1557828?
436
Calculate the highest common factor of 7366 and 99992.
58
What is the highest common factor of 2816 and 30844?
44
What is the highest common divisor of 794 and 2120774?
794
Calculate the greatest common factor of 24340 and 80.
20
Calculate the highest common factor of 150547 and 16949.
997
What is the highest common divisor of 45 and 38585?
5
Calculate the greatest common factor of 684 and 236.
4
What is the greatest common divisor of 275874 and 24?
6
Calculate the greatest common divisor of 306 and 55845.
153
What is the greatest common divisor of 800 and 7025?
25
What is the greatest common divisor of 182 and 138424?
26
Calculate the highest common divisor of 149397 and 57.
57
What is the highest common divisor of 109282 and 606?
202
Calculate the highest common factor of 358 and 14018206.
358
What is the highest common divisor of 35619 and 372?
93
What is the highest common divisor of 6496 and 2016?
224
What is the greatest common divisor of 204935 and 85?
85
Calculate the greatest common factor of 814 and 4958.
74
What is the greatest common divisor of 93 and 954087?
93
Calculate the greatest common divisor of 59634 and 108.
18
Calculate the highest common factor of 15650 and 10750.
50
What is the highest common factor of 712670 and 1120?
70
Calculate the highest common factor of 2484 and 10476.
108
What is the highest common divisor of 2701 and 17686?
37
What is the greatest common factor of 585 and 7389?
9
What is the highest common divisor of 390 and 38805?
195
Calculate the highest common factor of 15080 and 650.
130
Calculate the greatest common factor of 2478 and 5862.
6
What is the highest common factor of 74 and 1544084?
74
What is the greatest common divisor of 533 and 148420?
41
Calculate the highest common divisor of 181085 and 185.
5
What is the highest common factor of 2162 and 86894?
46
Calculate the highest common factor of 9344 and 6278.
146
Calculate the highest common divisor of 106000 and 4770.
530
Calculate the greatest common divisor of 5744 and 968.
8
What is the highest common factor of 200 and 21950?
50
Calculate the greatest common divisor of 12414 and 6.
6
What is the greatest common factor of 2844 and 251931?
237
What is the highest common factor of 162240 and 2400?
480
Calculate the greatest common factor of 790 and 374855.
395
What is the highest common factor of 878 and 163?
1
Calculate the highest common factor of 2673 and 38907.
297
Calculate the highest common divisor of 144416 and 128.
32
What is the highest common factor of 245021 and 85?
17
Calculate the highest common factor of 4675 and 2992.
187
What is the highest common factor of 33300 and 4140?
180
What is the greatest common factor of 715400 and 84?
28
What is the highest common factor of 140666 and 854?
122
Calculate the highest common factor of 489 and 249390.
489
What is the highest common factor of 702 and 338?
26
Calculate the greatest common factor of 130 and 321830.
10
Calculate the highest common factor of 12176 and 248.
8
What is the highest common divisor of 6665 and 25?
5
Calculate the greatest common divisor of 2187 and 33.
3
Calculate the greatest common factor of 264140 and 7868.
1124
What is the greatest common factor of 437 and 16399?
23
Calculate the greatest common factor of 1215 and 11145.
15
What is the highest common factor of 221 and 7826?
13
What is the highest common factor of 442 and 2482?
34
Calculate the greatest common divisor of 17727 and 38.
19
Calculate the greatest common divisor of 87672 and 325.
13
What is the greatest common divisor of 162099 and 1519?
217
What is the highest common divisor of 100 and 14225?
25
What is the greatest common factor of 30 and 63210?
30
What is the greatest common factor of 34034 and 952?
238
Calculate the highest common divisor of 115803 and 81.
27
What is the greatest common divisor of 3419 and 169?
13
What is the highest common divisor of 35022 and 5694?
78
What is the highest common factor of 228308 and 4?
4
What is the highest common divisor of 91365 and 165?
15
What is the greatest common divisor of 2916 and 4104?
108
What is the greatest common factor of 162 and 74058?
6
What is the highest common divisor of 7 and 57533?
7
What is the highest common factor of 115 and 295?
5
What is the highest common divisor of 3321 and 70766?
41
Calculate the greatest common factor of 26933 and 23.
23
What is the highest common factor of 2508 and 1159?
19
What is the highest common divisor of 4980 and 1129215?
1245
What is the greatest common divisor of 22227 and 4557?
93
What is the greatest common factor of 174 and 228288?
174
Calculate the greatest common factor of 12978 and 8631.
63
Calculate the greatest common divisor of 2484 and 2300.
92
What is the highest common factor of 14 and 107366?
14
Calculate the greatest common divisor of 2783 and 11253.
121
What is the highest common divisor of 23136 and 437415?
723
Calculate the highest common factor of 465 and 233895.
465
What is the greatest common divisor of 5074 and 2183?
59
Calculate the greatest common divisor of 6 and 57734.
2
Calculate the greatest common factor of 3717179 and 1767.
589
Calculate the greatest common divisor of 7084 and 720544.
1012
Calculate the highest common factor of 180553 and 213.
71
What is the greatest common factor of 39249 and 1036?
7
What is the greatest common divisor of 25 and 753475?
25
Calculate the greatest common factor of 10252 and 220.
44
Calculate the highest common factor of 51045 and 9963.
123
What is the greatest common factor of 35624 and 16?
8
Calculate the highest common divisor of 269105 and 1070.
535
What is the highest common factor of 546 and 20982?
78
What is the greatest common divisor of 37674 and 5733?
819
Calculate the highest common divisor of 26 and 33059.
13
What is the highest common divisor of 330343 and 26?
13
Calculate the greatest common factor of 2301 and 9912.
177
What is the greatest common factor of 2400 and 1056?
96
Calculate the highest common divisor of 17253 and 1065.
213
Calculate the greatest common divisor of 150640 and 3920.
560
Calculate the greatest common factor of 574 and 1463.
7
What is the greatest common factor of 74 and 100677?
37
What is the highest common factor of 1000951 and 7?
7
Calculate the greatest common divisor of 377 and 13978.
29
Calculate the greatest common factor of 209 and 20581.
11
Calculate the highest common divisor of 18 and 56478.
6
What is the greatest common divisor of 48 and 2615388?
12
What is the greatest common factor of 1090 and 2